pose 2*m + 4*w - 985 - 1557 = 0, 2*m - 2538 = -5*w. Is m/(0/(-1) - (5 + -6)) composite?
False
Let w = 19321 - 9360. Is w prime?
False
Let h(b) = -692*b**3 + b**2 + b - 1. Is h(-1) a composite number?
False
Let o be (-5)/(-1) - (3 + -2). Suppose o*y - 4 = 4*c - c, 0 = -y + c. Suppose -595 = -y*u - 63. Is u a prime number?
False
Let r(x) = -9 + 16 + 7*x - 2*x**3 - 11*x**2 + 2*x**2. Is r(-7) prime?
False
Let z(g) = g**3 + 4*g**2 + 2*g - 1. Let m be z(-2). Suppose 2*l - m - 5 = 0. Suppose l*b = 17 + 43. Is b composite?
True
Suppose 2885 = -10*a + 11*a. Is a composite?
True
Let k(l) = -17500*l + 45. Is k(-5) prime?
False
Suppose 490*y = 449*y + 188969. Is y composite?
True
Let h(d) be the second derivative of 9*d**4/2 + d**3/2 - d**2/2 + 6*d. Is h(2) a prime number?
False
Let m = 30 + -30. Let j(w) = -w**3 - w + 685. Is j(m) a prime number?
False
Let f(s) = -s + 16. Let n be f(7). Suppose 4*d - d = n. Suppose -403 = -i - 2*k, 0*i + i = -d*k + 403. Is i composite?
True
Suppose -t + 341 = -5433. Is t composite?
True
Suppose 5*y = 2*f - 42898, 3*f - 4*f - y = -21435. Is f a prime number?
False
Let z(w) = 387*w**2 + w + 45. Is z(-7) a prime number?
True
Let l(m) = m**2 - 8*m - 9. Let n(w) = w**2 - 3*w - 1. Let s be n(-2). Let d be l(s). Suppose 0 = -2*h - d*h + 230. Is h prime?
False
Suppose 950*g - 954*g = -316. Is g prime?
True
Let b(j) = 5670*j**2 - 5*j + 2. Is b(1) composite?
True
Let i(t) = -t + 24. Is i(17) a composite number?
False
Let j(m) = -m**2 - 6*m + 12. Let l be j(-7). Let z(f) = 2*f**3 - 6*f**2 + 8*f - 1. Let w be z(l). Suppose -11*i + w = -10*i. Is i a composite number?
False
Let l = 10 + 5. Suppose -2*i = 3*i - l. Suppose -9*m + 5*m + 548 = 4*y, -5*y = -i*m - 725. Is y a prime number?
False
Let x = 2563 + 1426. Is x prime?
True
Suppose 9*c - 12*c = 0. Suppose c*g + 2*g = 508. Suppose -3*z + 4*v + 983 = 0, z - g - 73 = 2*v. Is z composite?
True
Suppose 4 - 13 = -3*p. Is (-6738)/(-8) + 5/(-60)*p a prime number?
False
Suppose 2*u + 16*i - 15*i - 58438 = 0, -3*i = 12. Is u composite?
False
Suppose 5*h + 2 = -g, g + 4*h = h. Suppose -3*p + g = -4*y, -3*p = -14 - 1. Is y/9 - (-3226)/6 a composite number?
True
Let j = -2332 + 3883. Suppose -469 = m - 4*h + 1072, m - 2*h = -j. Let b = -948 - m. Is b a prime number?
True
Let k be 0 + 3 + 16/(-4). Let z(t) = t**3 - t**2. Let h(f) = 3*f**3 + 4*f**2 + 7*f - 1. Let m(w) = k*h(w) + 2*z(w). Is m(-5) a composite number?
False
Let a = -95 + -233. Let d = 657 + a. Is d a prime number?
False
Is (21090 - 1)*(120/(-15) + 9) a prime number?
True
Let u(d) = d**2 - 24*d + 19. Let n be u(12). Let h = n + 384. Is h prime?
False
Is 14 - (-423)/(-27) - (-4084)/6 a prime number?
False
Let n(q) = -186*q**3 - 5*q**2 - 9*q - 9. Is n(-2) composite?
True
Let o(z) be the second derivative of 7*z**5/20 - z**3/6 - 3*z**2/2 - z. Let q = -92 - -95. Is o(q) a composite number?
True
Suppose -7147 = -18*h + 22679. Is h prime?
True
Let u(t) = -2*t - 4. Let g be u(-3). Suppose w - 12 = -g*w. Suppose 0 = w*f + 3*q - 415, 0 - 9 = 3*q. Is f prime?
False
Let s(c) = -1248*c + 13. Is s(-1) a composite number?
True
Suppose -4*x - 5*p = 185, 0 = 2*x - 6*p + 11*p + 95. Is ((-4)/(-18) + 44200/x)/(-2) a composite number?
False
Let r(d) = 3*d + 0*d - 4*d + 1733*d**2 + 3270*d**2 - 1. Is r(-1) a composite number?
False
Is 1 - -3346 - (34 - 40) composite?
True
Let c be ((-6)/(-4))/(18/24). Is (-13190)/15*(c - (-21)/(-6)) a composite number?
False
Let b be 1 + 0 - (-30)/10. Suppose 5*r = 4*z - 773, 3*r - b*r + 3*z - 159 = 0. Let k = r - -299. Is k a prime number?
False
Suppose o + 2439 = 10*o. Suppose 0 = 2*i + o - 2123. Is i composite?
True
Suppose -5*s = d - 15, 3*d + s - 15 = -4*s. Suppose d = 4*f - 5*x - 860, f = 5*x + 110 + 105. Is f a prime number?
False
Let l be (10/(-15))/(4/114). Suppose 4*h - 64 = -5*y + 3*y, 0 = h + y - 14. Let d = h - l. Is d prime?
True
Let p(z) = 20*z**2 - 13*z - 23. Is p(-8) a composite number?
False
Suppose 4*r = -12, 0 = 2*k + k + 4*r - 2040. Suppose -7*w - k = -4*w. Let p = 549 + w. Is p composite?
True
Is 8448*1 - 20*(-16)/(-64) composite?
False
Let o be ((-126)/4 + 0)*-2. Suppose 2*a - 4 = 6*a. Is a + (3 - o*-37) a composite number?
False
Let c(z) = -z**2 - 3*z - 1. Let q be c(-3). Let d(o) = 286*o - 277*o - 414*o - 232*o - 2. Is d(q) a prime number?
False
Let n = -301 - -551. Let f = n - 123. Is f composite?
False
Let j(z) = z - 14. Let r be j(16). Suppose -18 = -2*d + r*h + 6, 4*d - 3*h - 49 = 0. Is d composite?
False
Suppose 1041763 = 80*m - 21*m. Is m prime?
True
Let m(c) = -c**3 - 4*c**2 + 5. Let i be m(-4). Suppose 0 = d + i*d - 1986. Is d a prime number?
True
Let r(n) be the second derivative of -41*n**5/40 + 2*n**4/3 + 5*n**3/3 + 8*n. Let x(i) be the second derivative of r(i). Is x(-7) a prime number?
True
Let o(v) = -v**3 - 2*v**2 + 1. Let b be o(2). Is (-47952)/b - (-9)/45 composite?
True
Suppose h + 3987 = o, -5819 = -2*o + 5*h + 2149. Is o prime?
True
Let n = -4 - -7. Suppose 45 = 2*o + n*o. Suppose 10*t - o*t - 79 = 0. Is t composite?
False
Suppose 3*q - 2 - 1 = -u, 2*q = 5*u - 15. Suppose q = 3*s - 2*h - 2599, -5*s + 3*s = 2*h - 1716. Is s a prime number?
True
Suppose h - 8639 = -s + 1489, 5*s = 4*h + 50595. Is s prime?
False
Let s be -3 + 0 + 1 + 16. Suppose -3*a + 15 = 0, 0*x - 5*a - 14 = -x. Suppose c - x = s. Is c a composite number?
False
Let b(a) be the first derivative of 88*a**3/3 - 3*a**2/2 - 2*a + 15. Is b(3) a composite number?
True
Suppose 0*q - 7167 = -3*c - 3*q, 0 = 3*q. Is c a prime number?
True
Let n = 73 + 68. Suppose 14*x - 13*x = n. Is x a prime number?
False
Suppose -22*v + 3*v + 213047 = 0. Is v prime?
True
Is ((-120)/(-360))/(1/36651) prime?
False
Let r(z) be the first derivative of z**5/120 + 31*z**4/24 - z**3/3 + 2. Let j(q) be the third derivative of r(q). Is j(0) a prime number?
True
Let q be 1/3*14 + 4/(-6). Suppose 0 = -3*i + 5*k + 4609, q*i + i - 2*k - 7707 = 0. Is i prime?
True
Let a = 18 - -931. Is a a composite number?
True
Let h(u) = 24*u**3 + 2*u**2 + 33*u + 54. Is h(13) composite?
False
Let c(d) be the third derivative of 3*d**5/20 + d**4/6 + d**3/6 - 2*d**2. Let m = -84 + 88. Is c(m) a composite number?
True
Suppose 0 = -4*b + 8. Let s(i) = -4*i**3 - i**2 + 2*i + 1. Let c be s(b). Let o = 0 - c. Is o a prime number?
True
Suppose -17 = -7*l + 18. Suppose -1166 = l*z - 5006. Let c = z - 257. Is c a composite number?
True
Let l(o) = -4*o + 2. Let s be l(1). Let x(u) = -4*u - 4. Let n be x(s). Let m(z) = 2*z**3 - z**2 + 5*z - 3. Is m(n) prime?
False
Suppose 6 + 9 = 5*c. Suppose u - 4045 = -5*o, -3*o + 809 = -2*o - c*u. Is o composite?
False
Suppose -51*b = -49*b - 442. Is b prime?
False
Let d(y) = -1. Let p(w) = -6*w**3 - 4. Let l(t) = 5*d(t) - p(t). Let j be l(-1). Let q(s) = -s**2 - 13*s - 7. Is q(j) a composite number?
True
Let c = -1182 - -295. Let g = -346 - c. Is g a prime number?
True
Suppose -47*r + 39*r = -12664. Is r a composite number?
False
Let x be (-57)/3 - (-1 + 4). Let p = 22 + x. Suppose -3*q + 42 + 1149 = p. Is q a composite number?
False
Suppose -12*z + 5*s = -8*z - 15, 5*z - 40 = 2*s. Let y be 1/(-1 + 6/4). Is -9 + z - (y + -212) a prime number?
True
Let l be 1/((-364)/(-1110) + 2/(-6)). Is 226*1/((-10)/l) a prime number?
False
Let l(w) = 396*w**3 - 2*w**2. Let p be l(2). Let g = p + -1683. Is g composite?
True
Let s(d) = -3*d + 7. Let x be ((-25)/15)/(2/(-6)). Let g be s(x). Is (-631)/(-4) - g/32 a composite number?
True
Let q(j) = j**2 - 6*j + 8. Let n be q(2). Suppose 3*b + 4916 = r - 0*r, n = -b - 3. Is r prime?
False
Suppose 50 = y - 3*k, 4*y + 5*k - 125 = 2*k. Let t be (-3)/(-5) - (-1729)/y. Let r = t + 9. Is r prime?
True
Suppose -5*k - 2*h + 96 = 0, 2*k + 5*h - 51 = -0*k. Let u = 20 - k. Is (83/u)/(3/30) a prime number?
False
Let c = 10 + -10. Suppose -5*l + c*l + 24635 = -z, 3*l - 14781 = z. Is l composite?
True
Is (3/(-3))/(16/(-386704)) prime?
True
Suppose 3*x + 2*h - 27021 = 0, -8*h = -13*h. Is x a composite number?
False
Suppose 2287 = -x + 161. Let o = 4369 + x. Is o composite?
False
Let x(r) = 10*r**2 - 5*r - 19. Is x(-10) a composite number?
False
Let h be (4 - 0)/(-4)*0. Suppose 55*s - 53*s - 5570 = h. Is s prime?
False
Let h be (-11)/7 + (-30)/70 + 12664. Suppose -4*y = -h + 4066. Is y a prime number?
False
Suppose 0 = 7